(z) = 5*z**2 - 30*z - 12. Determine o(11).
263
Let m(q) = 2*q**2 - 71*q - 82. Give m(38).
108
Let z(n) = -30*n + 206. Determine z(14).
-214
Let q(a) = 4*a**2 + 65*a. Calculate q(-14).
-126
Let w(x) = -6*x**3 + 6*x**2 - 13*x + 23. Determine w(3).
-124
Let k(j) = 5*j**2 + 60*j - 2943. Calculate k(-31).
2
Let w(z) = 46*z + 283. What is w(-7)?
-39
Let t(k) = 2*k**2 - 40*k + 56. Determine t(19).
18
Let w(b) = -b**2 - 60*b + 6500. Give w(-116).
4
Let p(a) = -98*a + 566. Give p(6).
-22
Let h(f) = 24*f**3 + 5*f**2 - 7*f + 3. Determine h(2).
201
Let k(g) = -2*g**3 - 54*g**2 + 3*g + 117. Calculate k(-27).
36
Let c(n) = 21*n**2 - 382*n + 54. Determine c(18).
-18
Let q(y) = 187*y + 1038. What is q(-5)?
103
Let u(c) = -c**2 + 36*c + 530. What is u(49)?
-107
Let w(m) = 28*m + 1537. Determine w(-54).
25
Let w(x) = x**3 + 8*x**2 - 21*x + 34. Give w(-10).
44
Let a(v) = -13*v**3 + 243*v**2 + 71*v + 107. Give a(19).
12
Let h(x) = -x**3 - 5*x**2 + 18*x + 79. Determine h(-5).
-11
Let v(f) = 311*f + 2804. Calculate v(-9).
5
Let f(q) = 45*q + 301. Give f(-7).
-14
Let n(s) = -91*s**3 + 2*s**2 - 119*s - 122. Calculate n(-1).
90
Let w(x) = -9*x**2 - 940*x - 309. Give w(-104).
107
Let c(v) = 4738*v - 47384. Calculate c(10).
-4
Let w(q) = -68*q - 1909. Give w(-28).
-5
Let u(g) = g**2 - 133*g + 4424. Calculate u(70).
14
Let g(o) = 28*o - 190. Calculate g(6).
-22
Let g(j) = -j**3 - 9*j**2 - 43*j - 311. Calculate g(-8).
-31
Let a(k) = -k**3 + 10*k**2 + 4*k - 4. What is a(11)?
-81
Let q(v) = -v**3 + v**2 - 3*v + 77. What is q(0)?
77
Let f(t) = -18*t**2 - 9*t - 51. Calculate f(-5).
-456
Let r(z) = z**3 + 81*z**2 - 163*z + 151. Give r(-83).
-98
Let r(s) = 6*s**2 + 246*s + 231. What is r(-40)?
-9
Let a(j) = 2*j**3 - 79*j**2 + 188*j - 117. Give a(37).
-6
Let z(p) = -7*p**2 + 307*p + 46. Determine z(44).
2
Let s(g) = -52*g**2 - 13*g + 24. Determine s(2).
-210
Let v(j) = 9*j**2 + 45*j + 31. Give v(-1).
-5
Let w(i) = 3*i**2 + 178*i + 513. Calculate w(-56).
-47
Let g(a) = -125*a - 42. Calculate g(-2).
208
Let w(f) = f**2 + 11*f + 127. Give w(-7).
99
Let t(o) = 8842*o - 141460. Determine t(16).
12
Let p(d) = 10*d**2 - 684*d - 2756. Determine p(-4).
140
Let o(h) = 20*h + 623. Determine o(-30).
23
Let f(y) = -159*y - 53255. Give f(-335).
10
Let r(q) = 831*q - 34063. Give r(41).
8
Let s(g) = g**3 + 13*g**2 + 266*g + 3034. What is s(-12)?
-14
Let d(g) = -68*g + 93. Give d(4).
-179
Let a(v) = -v**3 + 3*v**2 + 12*v + 23. Determine a(-2).
19
Let q(c) = -c**3 - c**2 + 936*c + 4663. What is q(-5)?
83
Let p(b) = -21*b + 218. Calculate p(10).
8
Let f(a) = 50*a**2 + 3741*a - 656. What is f(-75)?
19
Let n(q) = 3*q**3 - 67*q**2 + 23*q - 35. Calculate n(22).
-13
Let b(d) = -2*d**2 + 6*d + 28. Give b(10).
-112
Let n(g) = 6*g + 344. Determine n(3).
362
Let m(t) = -t**3 - 23*t**2 - 89*t - 13. Calculate m(-17).
-234
Let p(l) = 17*l - 530. What is p(27)?
-71
Let h(a) = 3*a + 11. What is h(-14)?
-31
Let m(u) = -u**2 + 802*u - 6353. Determine m(8).
-1
Let b(f) = 200*f**2 - 1796*f - 4. What is b(9)?
32
Let f(p) = -p**2 + 11*p - 17. What is f(-11)?
-259
Let w(q) = 125*q + 2057. Give w(-16).
57
Let a(i) = -28*i + 85. Determine a(0).
85
Let j(w) = -2*w**2 + 151*w - 355. Determine j(73).
10
Let s(a) = -1584*a - 3175. What is s(-2)?
-7
Let s(t) = -9*t**2 + 18*t - 32. What is s(2)?
-32
Let l(k) = k**3 + 13*k**2 - 38*k - 34. What is l(4)?
86
Let n(h) = 120*h + 2314. Calculate n(-19).
34
Let g(u) = u**3 + 7*u**2 + 15*u + 13. Calculate g(-3).
4
Let y(v) = 107*v**2 - 4915*v - 332. What is y(46)?
-10
Let o(d) = -2*d**3 + 12*d**2 + 136*d + 1226. What is o(14)?
-6
Let i(h) = -h**2 - 340*h + 686. Give i(2).
2
Let m(b) = -8*b**2 + 125*b - 391. What is m(11)?
16
Let b(f) = -3*f**3 + 3*f**2 - 64*f + 182. What is b(3)?
-64
Let k(j) = -j + 276. Calculate k(-10).
286
Let g(w) = w**3 - 78*w**2 - 770*w + 85. Determine g(-9).
-32
Let b(t) = -t**2 - 178*t + 2762. What is b(14)?
74
Let v(a) = 64*a + 27. Determine v(4).
283
Let t(p) = -p**2 - 34*p + 447. Determine t(-45).
-48
Let r(b) = b**2 - 1398*b - 84444. What is r(-58)?
4
Let o(u) = u**3 + 209*u**2 + 1212*u - 1212. Give o(-203).
6
Let l(p) = 370*p + 5837. Calculate l(-16).
-83
Let g(n) = 2*n**2 - 639*n - 19464. Give g(-28).
-4
Let a(z) = 16*z**2 + 10*z + 26. What is a(-2)?
70
Let a(h) = -10*h**2 - 187*h - 570. Determine a(-15).
-15
Let k(s) = -s**3 + 6*s**2 - 4*s - 3. Calculate k(4).
13
Let j(u) = 826*u + 165190. Give j(-200).
-10
Let w(y) = y**2 + 165*y + 6757. Give w(-75).
7
Let g(c) = 2729*c**2 + 19101*c - 16. Give g(-7).
-2
Let y(k) = 11*k - 8. Give y(-11).
-129
Let u(t) = t**3 - 39*t**2 + 6*t - 87. Give u(39).
147
Let l(b) = -b**3 + 31*b**2 - 42*b - 242. Calculate l(29).
222
Let b(p) = 64*p + 1411. Calculate b(-22).
3
Let u(x) = -12*x**2 + 45*x + 150. What is u(5)?
75
Let n(b) = -38*b - 34. What is n(-4)?
118
Let c(a) = 4*a**2 - 55*a - 5554. What is c(-31)?
-5
Let z(o) = o**2 - 56*o + 248. Determine z(35).
-487
Let h(p) = 2*p**3 + 5*p**2 - 71*p + 121. Calculate h(-8).
-15
Let b(l) = 40*l**2 + 478*l - 1. Calculate b(-12).
23
Let i(g) = g**3 - 12*g**2 + 27*g - 6. Calculate i(9).
-6
Let i(j) = -j**3 + 31*j**2 + 62*j + 141. Calculate i(33).
9
Let l(f) = 9*f - 75. What is l(33)?
222
Let b(k) = k**3 - 20*k**2 + 71*k - 4. Determine b(16).
108
Let v(k) = -18*k**3 + 80*k**2 + 5*k - 12. Determine v(4).
136
Let y(b) = -b**3 + 27*b**2 - 87*b + 343. Calculate y(24).
-17
Let h(j) = -3905*j - 117188. Give h(-30).
-38
Let f(i) = -i**3 + 93*i**2 - 828*i - 170. Calculate f(83).
-4
Let x(z) = -2*z**2 - 244*z - 3021. Determine x(-108).
3
Let y(r) = -2*r**2 - 73*r + 126. Give y(-41).
-243
Let m(g) = 580*g + 28. What is m(-1)?
-552
Let u(j) = 12*j - 480. Determine u(39).
-12
Let x(a) = 5*a**3 - 3*a**2 - 11*a - 39. What is x(-3)?
-168
Let h(z) = z**2 - 44*z - 8. Determine h(40).
-168
Let w(x) = x**2 - 785*x + 15287. Give w(20).
-13
Let q(w) = -2*w**3 - 156*w**2 + 8*w + 624. Calculate q(-78).
0
Let l(o) = -o**2 + 50*o - 78. Calculate l(34).
466
Let j(m) = 3*m**2 + 35*m - 107. What is j(-15)?
43
Let h(g) = -65*g**2 - 446*g + 8. What is h(-7)?
-55
Let u(v) = -12*v + 69. Calculate u(13).
-87
Let t(n) = n**3 + 7*n**2 + 2*n - 15. Determine t(5).
295
Let i(m) = m**3 + 44*m**2 + 7*m + 282. Give i(-44).
-26
Let n(l) = 6*l**3 - 10*l - 18. What is n(-2)?
-46
Let m(s) = -s**2 - 29*s - 16. Give m(-17).
188
Let n(v) = -v**3 + 11*v**2 + 77*v + 42. Determine n(16).
-6
Let b(x) = -70*x + 292. Give b(5).
-58
Let x(z) = 31*z**2 - 8*z - 1. Determine x(-1).
38
Let p(i) = -i**2 + 72*i - 700. Determine p(64).
-188
Let l(q) = -3*q**3 - 31*q**2 + 7*q - 3. Determine l(-10).
-173
Let w(m) = 3*m**3 + 103*m**2 - 15*m + 1936. Determine w(-35).
11
Let k(m) = 94*m - 1115. Calculate k(13).
107
Let q(r) = -2*r**3 - 25*r**2 - 8*r + 78. Calculate q(-12).
30
Let k(o) = -18*o**2 - 197*o - 68. What is k(-11)?
-79
Let c(x) = 2*x**2 + 249*x + 16. Give c(0).
16
Let u(m) = m**3 - 11*m**2 - 84*m + 2. Determine u(16).
-62
Let i(f) = 43*f + 1553. Determine i(-36).
5
Let i(w) = 7*w**3 + 544*w**2 - 156*w - 9. Determine i(-78).
-9
Let h(c) = -9*c - 62. Calculate h(-8).
10
Let g(m) = 254*m - 14982. Calculate g(59).
4
Let u(o) = 136*o - 264. Give u(2).
8
Let a(g) = g**3 + 123*g**2 + 110*g - 1468. What is a(-122)?
-4
Let j(g) = -2*g**3 - 53*g**2 - 31*g - 120. Calculate j(-26).
10
Let n(g) = g**3 - 47*g**2 + 419*g + 24. Give n(12).
12
Let a(x) = 54*x**3 - 2*x**2 - 55*x - 54. Calculate a(-1).
-55
Let u(r) = -14*r**3 + 73*r**2 + 25*r - 173. What is u(5)?
27
Let p(v) = 3*v**3 + 2*v**2 - 17*v - 184. What is p(5)?
156
Let h(y) = y**3 + 45*y**2 + 80*y - 193. Give h(-43).
65
Let b(j) = 72*j + 1610. Determine b(-23).
-46
Let z(k) = -95*k**2 - 10*k + 8. Calculate z(1).
-97
Let z(g) = -21*g + 452. Determine z(23).
-31
Let t(l) = 16*l**2 - 22*l - 51. Calculate t(-4).
293
Let a(b) = -b**2 - 34*b - 199. Calculate a(-29).
-54
Let f(n) = -12*n**3 + 18*n**2 - 15*n - 2. Give f(1).
-11
Let b(a) = -128*a + 777. Calculate b(6).
9
Let p(h) = 65*h**2 + 594*h + 11. Calculate p(-9).
-70
Let y(x) = 2*x**2 + 28*x + 22. What is y(-7)?
-76
Let g(n) = n + 182. Calculate g(-5).
177
Let r(d) = -d**3 + 16*d**2 + 17*d - 281. Determine r(16).
-9
Let p(u) = 191*u + 18. What is p(0)?
18
Let g(s) = -3407*s - 10204. Determine g(-3).
17
Let h(a) = -2*a**3 + 12*a**2 - 483*a + 471.